2 - 2. Let r be i(3). What is b(r)?
-5
Let t(r) = -2*r**2 - 11*r. Let c = 37 - 32. Suppose -5*x = c*y + 35, 2*x - 9*y + 7*y + 10 = 0. What is t(x)?
-6
Let x(i) = -i**2 + 6*i + 4. Suppose -3*w + 86 = 2*v, 0 = -4*v + 8*w - 5*w + 190. Suppose -14 - v = -12*n. Calculate x(n).
9
Let d(u) = -9*u. Suppose -65 = 26*q - 39*q. Suppose 19 = o + q*a, 0*a + 4*a - 16 = 0. Calculate d(o).
9
Let d(q) = 60*q + 58*q + 8 - 248*q + 62*q + 58*q. Give d(-1).
18
Let n(a) = -3*a - a + a - 2*a - 2. Let g be ((27/12)/(3/8))/(-1). Let l(v) = -2*v - 1. Let b(h) = g*n(h) + 13*l(h). Calculate b(1).
3
Suppose -17 = -3*t - 8. Suppose 4*o - 5 - t = 0. Let f be o/9 - 325/45. Let c(b) = b**3 + 8*b**2 + 7*b - 6. Calculate c(f).
-6
Let i(n) = -2*n**2 + 22*n - 17. Let c be i(10). Let r be 0 + c/(-1) + -2. Let y(u) be the third derivative of u**5/30 + u**4/4 - 5*u**3/6 - u**2. What is y(r)?
15
Let t(s) = -s**3 - 10*s**2 - 28*s - 19. Suppose 35 = -3*b - 4*j, 5*j - 513 + 523 = 3*b. Give t(b).
-4
Let v(p) = -2*p - 3. Let x be v(-6). Let m be 8 - (-3)/(x/(-12)). Let u(b) = 0*b + 0*b - m*b + 3 + b**2 - 2*b. Determine u(3).
-6
Let m = 275 + -489. Let p = m - -206. Let j(d) = d**3 + 8*d**2 - d - 2. Determine j(p).
6
Let q = 25 + -20. Let j be 17 + (-1)/q*0. Let r(k) = -16 - 5*k + 29 - j. Give r(-5).
21
Let n(o) = o**2 - 7*o - 2. Let h = 10 + -7. Let b(f) = 3 + 2*f**2 + 16*f - h*f**2 - 10*f. Let w(z) = -3*b(z) - 2*n(z). Give w(5).
0
Let g be (14 - 17)/(9/15). Let o(m) = -m**3 - 6*m**2 + m + 25. Calculate o(g).
-5
Suppose 7*f = 2*f + l + 238, 0 = 4*f - 5*l - 203. Suppose 5 = 7*w + f. Let m(o) = 2*o - 1. Give m(w).
-13
Let l(q) be the third derivative of -q**4/24 - q**3/3 - 2*q**2 - 691*q. Determine l(2).
-4
Let g(z) = -z**3 + 2*z**2 + z + 7. Let y be g(3). Let f be (-3 + 1 + -3)*y. Let v(c) = c**3 + 4*c**2 - 7*c - 2. What is v(f)?
8
Let t(h) = -h**2 + h + 1. Let n(v) = -3*v**3 + 7*v**2 - 7*v - 8. Let z(u) = n(u) + 6*t(u). Suppose 83 = -1021*c + 944*c + 237. Give z(c).
-24
Let l(y) = -y + 16. Let s(o) = -o + 15. Let z(k) = 2*l(k) - 3*s(k). Let v(x) = x**2 - 13*x + 31. Let c be v(8). Let f = c + 17. Calculate z(f).
-5
Suppose 5*m = 25, 0 = 2*s - s - m - 3. Let z(o) be the third derivative of 1/120*o**6 - 65*o**2 - 1/6*o**3 + 0*o - 1/24*o**4 + 0 - 2/15*o**5. Give z(s).
-9
Let v be ((-2)/4)/(1/(-2)). Let t(n) = n**3 + 7*n**2 + 3*n - 24. Let g be t(-4). Let r be (13 - g) + v*-1. Let b(j) = j**3 - 6. Calculate b(r).
-6
Let u(g) = -g**2 + 10*g - 6. Suppose -26*v = -21*v + 60. Let x be ((-20)/6)/(4/v). Calculate u(x).
-6
Let b = 2632 - 2644. Let j(k) = -k**2 - 9*k + 38. Determine j(b).
2
Let u be (-25)/((-35)/(-7)) + -1. Let h(k) = -20*k + 11. Let t(z) = 6*z - 4. Let r(s) = u*h(s) - 17*t(s). What is r(-2)?
-34
Let n(r) = 10*r**2 - 4 - 49*r**3 + 2 + 48*r**3 - 13*r. Suppose 117*x = 728 + 325. Calculate n(x).
-38
Let o(d) = 1681*d + 26904. Let q be o(-16). Let n(h) = h**3 - 6 - 7*h**2 + 0*h**3 + 0*h**3 - 6*h. Give n(q).
10
Suppose 0 = 35*s + 53 - 228. Let q(t) = -t**2 + 4*t. Determine q(s).
-5
Let z(f) be the first derivative of 3*f**2/2 + 5*f - 372. Let d be (-6*(-14)/(-4))/(-1). Suppose 3*g = -3*m - d - 0, 5*g - 2*m = -14. Calculate z(g).
-7
Let g(j) = 18*j - 21. Suppose 11*o - 3*o - 11*o - 12 = 0. Calculate g(o).
-93
Let r(c) = c**3 - 9*c**2 + 10*c - 9. Let x = -453 - -456. Let p(s) = -s + 11. Let w be p(x). What is r(w)?
7
Suppose -3 + 13 = 5*j. Let y(h) = -3*h. Let l be y(j). Let m(s) = 0*s**2 + 2*s**2 + 187 - 3*s**2 - 380 - 8*s + 191. What is m(l)?
10
Let d(j) = -71*j - 288. Let o(h) = 142*h + 721. Let w(z) = -5*d(z) - 2*o(z). What is w(-1)?
-73
Let x(h) = 2*h**3 + 7*h**2 + 4*h. Suppose 18 = -5*i + 4*s + 3, 0 = -5*i - 3*s - 15. What is x(i)?
-3
Let b = -4916 + 4913. Let t(s) = -s**3 + 12*s - 1. What is t(b)?
-10
Let w(r) = -9 - 8*r - 3*r**3 - 2*r**3 + 4*r**2 - 5*r. Let i(h) = -h**3 + h**2 - 3*h - 2. Let x(l) = 9*i(l) - 2*w(l). Suppose 80*j - 82*j = 0. Give x(j).
0
Let t(s) = 51 + 39 - 85 + 26 - 11*s. Let k(v) = -4*v + 11. Let d(z) = -8*k(z) + 3*t(z). Determine d(7).
-2
Let u(s) = 3*s**3 + 21*s**2 + 2*s + 7. Let o = 3827 + -3834. Give u(o).
-7
Suppose -219*s + 3 = -216*s. Suppose 7*l = 2*l + m + 9, -3*l + 5*m + s = 0. Let r(f) = f**3 - 2*f**2 + 1. Calculate r(l).
1
Let j(x) = 8*x - 14. Suppose 108*t = -60*t - 672. What is j(t)?
-46
Let f(m) = -3 - 27*m**2 - 8*m + 8 - 4*m + 28*m**2. Let c = -3584 + 3592. What is f(c)?
-27
Suppose -158*r - 37*r + 86*r = 159*r. Let f(s) = s**2 - 83. Determine f(r).
-83
Let z(s) = -s**3 - 25*s**2 + s + 28. Let l = 2031 - 2056. Calculate z(l).
3
Let n(q) be the second derivative of q**5/20 - q**4 - 31*q**3/6 + 11*q**2/2 + 6*q - 11. Calculate n(14).
-31
Let o(j) = j**3 + 6*j**2 - 19*j - 18. Let m(w) = 4*w + 1. Let f(h) = 25*h - 31. Let n(t) = -2*f(t) + 14*m(t). Let r be n(-14). Calculate o(r).
6
Suppose 2*b - 42 = -4*b. Let x(k) be the third derivative of -k**6/120 + k**5/10 + 11*k**4/24 - k**3 + 250*k**2. Give x(b).
22
Suppose -6*i + 2*i = -5*i. Let v(o) = 15*o - 11. Let h be v(i). Let w(y) = -y**3 - 12*y**2 - 12*y - 14. Determine w(h).
-3
Let f(x) be the third derivative of 0*x - 123*x**2 + 7/24*x**4 + 0 + 1/6*x**3. Give f(-1).
-6
Let n(x) = 31*x - 243. Let h be (64/8)/4 + 6. Let t be n(h). Let l(o) = o**3 - 6*o**2 + 5*o - 8. What is l(t)?
-8
Let a(x) = -x - 2. Let b(u) = -2*u - 3. Let n(f) = 5*a(f) - 3*b(f). Let j(q) = 1269*q - 8873. Let l be j(7). Give n(l).
9
Suppose 13*f - 30 = 7*f. Suppose 2*l = f + 3. Suppose -3*y - y + 4*t - 4 = 0, 3*y - 2*t = -l. Let m(x) = -x**2 - 2*x - 1. What is m(y)?
-1
Suppose -217*i = -25*i + 192. Let s be (0 - 0)/(4/(-2)). Let n(j) = -3*j**2 + 0*j**2 + j + s + 1. Determine n(i).
-3
Let u(r) = r**3 + r**2 + 2*r + 1. Let o be u(-2). Let a(s) = 27*s - 5. Let x(h) = -13*h + 5 + 1 + 5*h - 17*h + 3*h. Let d(i) = 4*a(i) + 5*x(i). Determine d(o).
24
Let t(y) = -11*y**3 + 3*y**2 - 5*y + 26. Let u(q) = 10*q**3 - q**2 + 5*q - 20. Let n(b) = 2*t(b) + 3*u(b). Determine n(1).
8
Let d(b) = -b**2 - 13*b - 12. Suppose -10*i = -20*i + 40. Suppose -99*x + 95*x = i*p + 52, -4*p + 65 = -5*x. What is d(x)?
-12
Let y(r) = 11*r + 202. Let z(c) = c + 27. Let s(f) = 2*y(f) - 18*z(f). Calculate s(21).
2
Let b be 22/6 + 32/24. Let o(g) = 11*g**2 + 40*g + 17. Let i(j) = -4*j**2 - 14*j - 6. Let m(s) = 14*i(s) + 5*o(s). Determine m(b).
-4
Let o = -56 + 38. Let k be o/(-72) + -1*50/8. Let a(q) be the second derivative of q**4/12 + q**3 - 4*q. Calculate a(k).
0
Let i(r) be the third derivative of -r**5/20 - r**4/8 - r**3/6 + 244*r**2 + 7*r. Suppose -4*t - 2 - 6 = 0. Determine i(t).
-7
Let f(b) = 4*b**2 - b + 1. Let g(c) = 9*c**2 + 9*c + 16. Let d(r) = 2*f(r) - g(r). Give d(-10).
-4
Let a = 94 - 66. Let x(w) = -2*w - 32. Let r(m) = 2. Let q(o) = a*r(o) + 2*x(o). Give q(-4).
8
Let f(c) be the first derivative of 50*c + 30 - 1/2*c**3 + 1/2*c**2. Let r(u) be the first derivative of f(u). Give r(5).
-14
Let i = -11961 - -11962. Let a(r) = -28*r + 10. Give a(i).
-18
Suppose -4*n - 2*m = -46, 8*n - 11*n + 40 = -4*m. Let s(z) = 2*z**3 - 25*z**2 + 11*z + 1. Give s(n).
-11
Let s(y) = 13*y - 1. Let w be (-1 + 3)*(-5)/2. Suppose 0 = -4*r - 4*l + 16, r - 6*l + 24 + 14 = 0. Let f be (-5 - w)*1 + 2/r. Calculate s(f).
-14
Let n(d) = d**3 - 22*d**2 + 21*d + 4. Let x = -8552 - -8573. Give n(x).
4
Let i(z) = 39*z**3 + 290*z**2 + 130*z + 251. Let d(l) = -4*l**3 - 29*l**2 - 13*l - 25. Let x(m) = 59*d(m) + 6*i(m). What is x(15)?
1
Let i(k) = -31*k + 12. Let u(a) = -4*a + 18. Let f be u(5). Let h(y) = 15*y - 5. Let j(q) = f*i(q) - 5*h(q). Determine j(-1).
14
Suppose 132*l - 10 = 168 + 86. Let b(y) = 7*y - 17. Give b(l).
-3
Let u = 69735 - 69723. Let y(w) = -3*w**2 + 27*w + 65. Let p(q) = -q**2 + 9*q + 22. Let n(c) = -7*p(c) + 2*y(c). What is n(u)?
12
Let b(d) be the first derivative of -20 - d + 1/3*d**3 + 0*d**2 + 11/4*d**4. Let l(q) = q**3 + q - 1. Let p be l(0). Determine b(p).
-11
Let y(k) be the third derivative of -23*k**6/120 - k**5/30 - k**4/24 + k**2. Let f(a) = -165*a - 21286. Let t be f(-129). What is y(t)?
22
Let k be (-42)/189 + (2/9)/1. Let h(p) = -3 - p**2 + 7 + 19*p + k - 25*p. Determine h(-8).
-12
Let q(f) = -f**2 - 7*f + 4. Let w(y) = 1. Let a be (18/(-4) + 2)*-2. Let d(m) = a*w(m) + q(m). Suppose 0 = s - 2*j + 4, 382*j = -s + 379*j - 14. Calculate d(s).
1
Let l(r) be